{"id":656,"date":"2025-05-27T18:26:59","date_gmt":"2025-05-27T18:26:59","guid":{"rendered":"https:\/\/solidrock-co.com\/website\/?post_type=product&#038;p=656"},"modified":"2025-12-21T22:28:23","modified_gmt":"2025-12-21T22:28:23","slug":"gelber-splitt","status":"publish","type":"product","link":"https:\/\/solidrock-co.com\/website\/product\/gelber-splitt\/","title":{"rendered":"Gelber Splitt"},"content":{"rendered":"","protected":false},"excerpt":{"rendered":"<p><span><strong>Gelber Splitt \u2013 Nat\u00fcrliche W\u00e4rme f\u00fcr stilvolle Landschaftsgestaltung<\/strong><\/span><\/p>\n<p><span><strong>Gelber Splitt<\/strong> mit <strong>goldener Farbgebung und homogener Struktur<\/strong> bringt <strong>Helligkeit und Energie<\/strong> in urbane Landschaften, dekorative Wege und Gartenanlagen. Diese Gesteinsk\u00f6rnung bietet nicht nur <strong>eine warme und einladende Optik<\/strong>, sondern ist auch <strong>wetterbest\u00e4ndig und langlebig<\/strong>.<\/span><\/p>\n<p><span>\u2705 <strong>Strahlende Farbwirkung<\/strong> \u2013 ideal f\u00fcr offene Fl\u00e4chen und moderne Designs <\/span><\/p>\n<p><span>\u2705 <strong>Widerstandsf\u00e4hig gegen Witterungseinfl\u00fcsse<\/strong> \u2013 langanhaltende Farb- und Materialqualit\u00e4t <\/span><\/p>\n<p><span>\u2705 <strong>Vielseitig kombinierbar<\/strong> \u2013 passend f\u00fcr klassische und moderne Gestaltungskonzepte<\/span><\/p>\n<p><span>Dieses Produkt ist in <strong>verschiedenen Gr\u00f6\u00dfen<\/strong> auf Kundenwunsch erh\u00e4ltlich und wird in <strong>25 kg, 50 kg und Big Bags<\/strong>verpackt.<\/span><\/p>\n","protected":false},"featured_media":659,"template":"","meta":[],"product_cat":[38],"product_tag":[],"class_list":["post-656","product","type-product","status-publish","has-post-thumbnail","hentry","product_cat-landschaftsgestaltung"],"_links":{"self":[{"href":"https:\/\/solidrock-co.com\/website\/wp-json\/wp\/v2\/product\/656","targetHints":{"allow":["GET"]}}],"collection":[{"href":"https:\/\/solidrock-co.com\/website\/wp-json\/wp\/v2\/product"}],"about":[{"href":"https:\/\/solidrock-co.com\/website\/wp-json\/wp\/v2\/types\/product"}],"wp:featuredmedia":[{"embeddable":true,"href":"https:\/\/solidrock-co.com\/website\/wp-json\/wp\/v2\/media\/659"}],"wp:attachment":[{"href":"https:\/\/solidrock-co.com\/website\/wp-json\/wp\/v2\/media?parent=656"}],"wp:term":[{"taxonomy":"product_cat","embeddable":true,"href":"https:\/\/solidrock-co.com\/website\/wp-json\/wp\/v2\/product_cat?post=656"},{"taxonomy":"product_tag","embeddable":true,"href":"https:\/\/solidrock-co.com\/website\/wp-json\/wp\/v2\/product_tag?post=656"}],"curies":[{"name":"wp","href":"https:\/\/api.w.org\/{rel}","templated":true}]}}